 - -21. List the prime factors of s.
3
Suppose 19 = k - 6. Suppose -d + 2*v - v + k = 0, 3*d = -v + 67. List the prime factors of d.
23
Let k be -6*2/(-36)*2748. Suppose -2*a = -4*x + k, -5*a + 2*a = -4*x + 916. List the prime factors of x.
229
Let j(a) = -96*a - 30. What are the prime factors of j(-18)?
2, 3, 283
Suppose -3*k - 3*s + 1752 = 0, 0 = 3*k + 2*k - s - 2944. Let o = -305 + k. Suppose -2*v + o = 2*v - 3*x, -350 = -5*v + 3*x. List the prime factors of v.
67
Suppose -g + 1043 = 3*v, 28*g + 3*v = 23*g + 5215. List the prime factors of g.
7, 149
Let g be ((-44)/55)/((-2)/245). Suppose -7*f + 2*f + 2*d = -335, -5*f + 315 = 2*d. Let k = g - f. List the prime factors of k.
3, 11
Let s be (-8)/24 - 46/6. What are the prime factors of ((-64)/2)/(2/s)?
2
Suppose 2*h - 1732 - 838 = 2*l, -2*h + l = -2569. List the prime factors of h.
2, 3, 107
Let j(q) = 28 - 11*q + 27 - 17*q - 22. List the prime factors of j(-6).
3, 67
Let n be -2*5*(-1)/2. Suppose 2*a + 10 - 64 = -2*m, 0 = -n*m - a + 151. What are the prime factors of m?
31
Suppose v + 5*y = 260, 206 = 3*v + 5*y - 574. What are the prime factors of v?
2, 5, 13
List the prime factors of (-10477)/(-8) + (-237)/(-632).
2, 5, 131
Let u(b) = -b**2 - 49*b - 63. What are the prime factors of u(-40)?
3, 11
Let c(s) = 9*s**2 + s. Let g be c(1). Suppose b = g + 43. What are the prime factors of b?
53
Let o be 1 + -4 + (-3)/(-1). Let c(v) = 4*v**2 + 8*v + 3. Let r be c(6). Suppose 5*n + o*n = r. List the prime factors of n.
3, 13
Let g(c) = -34*c**3 - 5*c - 10. List the prime factors of g(-2).
2, 17
Suppose -3*q = -4*m + 1709, 17*m + q = 21*m - 1719. What are the prime factors of m?
431
Let c be 4/20 + (-1516)/(-20). Suppose 58 = 2*h - c. List the prime factors of h.
67
Suppose 2*k + 14 = 6, 4*k + 178 = 2*c. Suppose -d - 12 = 2*z - 7*z, -4*z = -d - 9. Suppose z*m - c = 105. What are the prime factors of m?
2, 31
What are the prime factors of -2832*(117/18 + -7)?
2, 3, 59
What are the prime factors of (-85)/15*(-3 + -3*98)?
3, 11, 17
Let u be 1 - 3 - (-74 - 10). Suppose -4*h = -3*w - 605, 2*h + w = -2*h + 609. Let j = h - u. What are the prime factors of j?
2, 5, 7
Suppose -u = -7*u + 366. Suppose -20 = 5*c, 0*v + u = v - 2*c. List the prime factors of v.
53
Let q(f) = -29*f + 69. What are the prime factors of q(-10)?
359
Let h(z) = z**2 - 37*z - 6. What are the prime factors of h(58)?
2, 3, 101
Let b(f) = f**3 - 22*f**2 + 18*f + 2. What are the prime factors of b(23)?
3, 5, 7
Let g = 941 - 798. What are the prime factors of g?
11, 13
Suppose -c = i - 97, c + 6 = -2*c. Let u = -68 + 32. Let p = i + u. What are the prime factors of p?
3, 7
Suppose 0 = -g + 6 - 1. Suppose -2*q + b + 0*b + 188 = 0, 10 = g*b. List the prime factors of q.
5, 19
Suppose -4*r + 1149 = -2*z + 3*z, -3*z = 2*r - 3467. List the prime factors of z.
13, 89
Suppose 11*y - 16*y = -2720. List the prime factors of y.
2, 17
Let p(m) = 30*m - 2. List the prime factors of p(4).
2, 59
Let l(n) = -n**3 + n**2 + 2. Let i be l(0). Let c be (13/4)/(i/16). Let a = c + -15. List the prime factors of a.
11
Let z(k) be the first derivative of -k**6/360 - 3*k**5/40 - k**4/4 + 5*k**3/3 + 2. Let x(m) be the third derivative of z(m). List the prime factors of x(-7).
2
Let w(j) = 28*j - 55. List the prime factors of w(8).
13
Suppose -1716 = -3*s - 441. List the prime factors of s.
5, 17
Let f be (-158)/(-18) + 8/36. Let o(v) = f*v + 7*v + 8*v. What are the prime factors of o(2)?
2, 3
Suppose 4*n - 4*p = 6*n + 24, 0 = -2*n + 2*p - 18. Let w = 10 + n. Suppose -z - 4*z + 115 = w. List the prime factors of z.
23
Let g = 53 + -87. Let d(q) = -12*q**3 - q**2. Let n be d(1). Let f = n - g. What are the prime factors of f?
3, 7
Suppose -4*k + 27 = -125. Let l = 78 + k. List the prime factors of l.
2, 29
Let r = 3505 + -1958. What are the prime factors of r?
7, 13, 17
Suppose 6*y = 170 + 94. List the prime factors of (-614)/(-8) - (-11)/y.
7, 11
Let w = 760 - 418. Suppose 0 = -10*z + 4*z + w. List the prime factors of z.
3, 19
Let c = 16 + -14. Suppose -3*a + c = 3*j - 4, 4*j = 2*a + 14. What are the prime factors of j/(-9) + 316/12?
2, 13
Suppose -11879 = -18*c + 5005. List the prime factors of c.
2, 7, 67
Let v = 625 + -429. List the prime factors of 2488/14 + 56/v.
2, 89
List the prime factors of 8492/(-11)*4/(-8).
2, 193
Suppose -443 + 1227 = -14*v. Let l be 8/1*78/8. Let i = l + v. What are the prime factors of i?
2, 11
Suppose -2*c + 3*c = 5. Suppose c*r = 9*r - 4. What are the prime factors of (8/r - -2)*2?
2, 5
Let p = 16 - -35. List the prime factors of p.
3, 17
Let b be 1/((-9)/(-72)) + -11. Let h be 66/(-8)*(2 - -2). What are the prime factors of ((-1342)/h)/((-2)/b)?
61
Let w(f) = f**3 - 4*f**2 - 3*f - 6. Let k be w(5). Suppose -4*a + 25 = 2*c - 73, 5*a + 248 = k*c. What are the prime factors of c?
3, 19
Suppose 4*t - 3*w - 52 = 1, 5*t - 95 = -2*w. Let r = -3 + 6. Suppose -t = -r*i + 64. What are the prime factors of i?
3
Suppose -6*r + 5*r = -605. Suppose 0 = -23*k + 18*k + r. List the prime factors of k.
11
Suppose 49 = 5*t + 6*o - 7*o, -5*t - o + 51 = 0. What are the prime factors of t?
2, 5
Suppose 10224 = 4*d - 2*n, 5*d + 77*n - 12762 = 75*n. What are the prime factors of d?
2, 1277
Suppose 5*q - 3*q - 14 = 0. Suppose -5*f = -q*f + 18. Suppose 2*j - 57 = -f. What are the prime factors of j?
2, 3
What are the prime factors of (-112)/42*(-2 + (-1 - 111))?
2, 19
Let v = 42 + -11. Let b = 78 - v. List the prime factors of b.
47
Let z(f) = -48*f - 24. Let d be z(-16). Suppose 3*j + d = 9*j. List the prime factors of j.
2, 31
List the prime factors of (-1)/(-6) - 1656564/(-936).
2, 3, 5, 59
List the prime factors of 1152 + 25/(-15)*-3.
13, 89
Let y = -20 + 20. Suppose 2*j - 97 - 99 = y. List the prime factors of j.
2, 7
Let k(h) = h**2 + 4*h + 2. Let d be k(-2). Let z(q) be the second derivative of -10*q**3/3 - q**2/2 - q. What are the prime factors of z(d)?
3, 13
Suppose 48 = -h + 7*h. Suppose 3*v + h = p, -v = -2*p - 0*p + 16. Suppose p*f - 24 - 24 = 0. What are the prime factors of f?
2, 3
Let y = -25 - -17. List the prime factors of (-4 + (-492)/y)*2.
5, 23
Suppose -2*w - g - g = -70, -w + g = -43. Suppose w - 334 = -5*j. Suppose 2*q = 41 + j. What are the prime factors of q?
2, 5
Suppose 8*l = 4*l - 448. Let g = -61 - l. List the prime factors of g.
3, 17
Suppose 2*g - 7*g = -f - 101, 2*g = f + 41. List the prime factors of 143 - g/4 - (2 + -1).
137
Let o(x) = 39*x + 4. What are the prime factors of o(7)?
277
Let t be (-3 - -3)/(-6 - -5). Suppose 3*a + t - 18 = 0. Suppose a*x + 24 = p + 3*x, 2*x = -2. What are the prime factors of p?
3, 7
What are the prime factors of 1*171*(-76)/(-342)?
2, 19
Let a(b) be the first derivative of 10*b**3/3 - 7*b**2/2 - 8*b + 20. List the prime factors of a(4).
2, 31
Let c be 6 + (-4 - -1)*1/(-3). Suppose -11*w + 264 = -c*w. List the prime factors of w.
2, 3, 11
Let j(m) = -21*m - 15. Let u(q) = 63*q + 44. Let o(p) = 11*j(p) + 4*u(p). What are the prime factors of o(3)?
2, 37
Let m(q) be the first derivative of -1/2*q**2 + 1/3*q**3 - 4 + 16*q. List the prime factors of m(0).
2
Let i be 10/14*-211 + 6/(-21). Let d = i - -277. What are the prime factors of d?
2, 3, 7
Let o(s) = -s**2 + 6*s - 4. Let y be o(4). Let b(z) be the first derivative of z**4/4 - z**3 - 3*z**2/2 + 3*z - 1. List the prime factors of b(y).
7
Let o(f) = -f**3 - 14*f**2 + 25*f + 25. Suppose 5*y = 5*c - 75, -3*c - 19 = -0*y + y. List the prime factors of o(y).
137
Let a be 0/(2/2) - 1. Let r(u) = u**3 + 11*u**2 + 9*u - 12. Let k be r(-10). What are the prime factors of (k - 54)/4*a?
2, 7
Suppose 0 = -15*t + 639 + 141. Let l = t + -20. What are the prime factors of l?
2
Let y(c) = -18*c + 151. List the prime factors of y(-23).
5, 113
Let r(x) = -x**2 - 3*x + 8. Let q be r(-6). What are the prime factors of (-3)/(1 + 16/q)?
5
Let l(p) = -p**2 - 12*p - 11. Let r be l(-11). Suppose 3*d + 6 = r, 4*k = 3*k + d + 37. List the prime factors of k.
5, 7
Let b = -707 + 1363. What are the prime factors of b?
2, 41
Let d = -5 - -3. Let a be 8/(-32)*(-24)/(-2). List the prime factors of (31 - 3) + d - a.
29
Suppose -3*v = -6*v - 5*g + 9203, 0 = 4*g - 16. List the prime factors of v.
3061
Suppose 0 = 3*c - i - 4543, 0 = -5*c + 3*c + 5*i + 3033. What are the p